of 1898 and 13.
13
What is the greatest common factor of 6762 and 490?
98
Calculate the greatest common factor of 5684 and 588.
196
Calculate the greatest common factor of 11 and 781.
11
What is the greatest common factor of 6579 and 306?
153
Calculate the greatest common divisor of 129 and 30.
3
What is the highest common divisor of 19 and 36?
1
Calculate the greatest common divisor of 16 and 484.
4
What is the highest common divisor of 65 and 35?
5
Calculate the greatest common divisor of 352 and 44.
44
What is the highest common divisor of 4845 and 380?
95
What is the greatest common divisor of 50 and 425?
25
Calculate the greatest common factor of 80 and 110.
10
What is the greatest common factor of 19 and 23?
1
Calculate the highest common divisor of 975 and 39.
39
Calculate the highest common divisor of 1261 and 97.
97
Calculate the greatest common divisor of 22 and 352.
22
What is the greatest common divisor of 30 and 475?
5
What is the highest common factor of 3293 and 259?
37
What is the highest common factor of 21 and 3?
3
Calculate the greatest common divisor of 4176 and 162.
18
Calculate the highest common divisor of 13 and 6734.
13
Calculate the greatest common factor of 750 and 54.
6
What is the greatest common factor of 4 and 14?
2
What is the highest common factor of 10 and 515?
5
What is the highest common divisor of 5908 and 28?
28
Calculate the highest common divisor of 498 and 18.
6
Calculate the highest common divisor of 696 and 72.
24
What is the highest common divisor of 38499 and 246?
123
What is the greatest common factor of 117 and 333?
9
What is the greatest common factor of 9 and 288?
9
Calculate the highest common factor of 140 and 80.
20
Calculate the greatest common divisor of 12796 and 56.
28
Calculate the highest common divisor of 21 and 273.
21
Calculate the greatest common divisor of 105 and 60.
15
What is the highest common divisor of 28 and 3556?
28
What is the highest common divisor of 77 and 1463?
77
What is the greatest common divisor of 390 and 1040?
130
What is the greatest common divisor of 198 and 44?
22
Calculate the greatest common factor of 10858 and 890.
178
What is the highest common divisor of 1532 and 4?
4
What is the greatest common factor of 238 and 17?
17
Calculate the greatest common divisor of 12 and 24.
12
Calculate the highest common factor of 18 and 2601.
9
What is the highest common factor of 60 and 2316?
12
Calculate the highest common divisor of 660 and 420.
60
What is the greatest common divisor of 9 and 1005?
3
Calculate the highest common factor of 14 and 350.
14
Calculate the highest common divisor of 52 and 1612.
52
Calculate the greatest common divisor of 24 and 732.
12
Calculate the highest common factor of 1547 and 49.
7
What is the highest common divisor of 17 and 6341?
17
What is the greatest common divisor of 6 and 2874?
6
What is the greatest common factor of 1703 and 13?
13
Calculate the highest common factor of 93 and 1581.
93
What is the greatest common divisor of 30 and 27?
3
Calculate the highest common divisor of 18 and 225.
9
Calculate the greatest common divisor of 489 and 18908.
163
Calculate the greatest common factor of 214 and 1391.
107
Calculate the highest common factor of 279 and 18.
9
What is the highest common factor of 6 and 3?
3
What is the highest common factor of 2478 and 84?
42
Calculate the highest common divisor of 19 and 8151.
19
Calculate the highest common factor of 112 and 826.
14
Calculate the highest common divisor of 360 and 14520.
120
Calculate the greatest common divisor of 572 and 182.
26
What is the highest common divisor of 960 and 2280?
120
What is the highest common divisor of 6 and 102?
6
Calculate the highest common divisor of 29235 and 15.
15
What is the greatest common divisor of 610 and 40?
10
Calculate the highest common divisor of 40 and 30.
10
What is the greatest common divisor of 2216 and 8?
8
Calculate the greatest common factor of 434 and 806.
62
Calculate the highest common factor of 3483 and 81.
81
Calculate the greatest common divisor of 19 and 8683.
19
Calculate the greatest common divisor of 39 and 52.
13
What is the greatest common factor of 1 and 361?
1
Calculate the highest common divisor of 13703 and 1158.
193
Calculate the highest common factor of 24 and 37120.
8
Calculate the greatest common factor of 61 and 549.
61
Calculate the highest common factor of 10 and 50.
10
Calculate the greatest common factor of 1113 and 6201.
159
Calculate the highest common factor of 6516 and 72.
36
What is the highest common factor of 480 and 150?
30
Calculate the greatest common divisor of 32 and 2272.
32
Calculate the highest common factor of 26 and 793.
13
Calculate the greatest common factor of 2466 and 36.
18
What is the highest common factor of 2 and 1502?
2
What is the greatest common factor of 28 and 637?
7
What is the highest common factor of 1495 and 1380?
115
What is the highest common divisor of 169 and 52?
13
What is the greatest common divisor of 428 and 8?
4
Calculate the highest common factor of 54 and 954.
18
What is the highest common divisor of 480 and 192?
96
Calculate the greatest common factor of 6208 and 64.
64
What is the highest common divisor of 12 and 188?
4
What is the greatest common divisor of 162 and 108?
54
What is the greatest common divisor of 992 and 62?
62
Calculate the highest common divisor of 943 and 115.
23
What is the greatest common factor of 16 and 64?
16
What is the highest common factor of 32 and 56?
8
What is the greatest common factor of 965 and 20?
5
Calculate the highest common divisor of 48 and 1616.
16
What is the greatest common factor of 630 and 280?
70
Calculate the greatest common divisor of 58 and 435.
29
What is the greatest common divisor of 6 and 447?
3
What is the highest common divisor of 143 and 988?
13
What is the greatest common divisor of 12 and 27?
3
Calculate the highest common divisor of 87 and 58.
29
What is the highest common factor of 28 and 42?
14
Calculate the highest common factor of 91 and 5915.
91
Calculate the highest common divisor of 24 and 192.
24
What is the greatest common divisor of 248 and 2356?
124
Calculate the greatest common factor of 9752 and 32.
8
Calculate the greatest common divisor of 43 and 559.
43
What is the greatest common divisor of 23 and 1518?
23
Calculate the highest common factor of 102 and 680.
34
Calculate the greatest common factor of 144 and 27252.
36
Calculate the highest common factor of 91 and 8983.
13
Calculate the highest common factor of 20 and 160.
20
Calculate the highest common divisor of 147 and 105.
21
Calculate the highest common factor of 41 and 51.
1
What is the greatest common divisor of 196 and 140?
28
Calculate the greatest common factor of 36 and 3468.
12
Calculate the highest common factor of 603 and 18.
9
Calculate the highest common divisor of 106 and 59042.
106
Calculate the greatest common factor of 126 and 72.
18
What is the greatest common divisor of 1 and 239?
1
Calculate the greatest common factor of 4956 and 98.
14
Calculate the greatest common divisor of 153 and 17.
17
What is the highest common factor of 12525 and 75?
75
What is the highest common divisor of 228 and 60?
12
Calculate the greatest common factor of 11 and 33.
11
What is the highest common divisor of 4032 and 90?
18
Calculate the greatest common divisor of 238 and 14.
14
Calculate the highest common divisor of 350 and 150.
50
Calculate the greatest common divisor of 56 and 320.
8
Calculate the greatest common factor of 115 and 23.
23
What is the highest common factor of 16 and 208?
16
Calculate the greatest common divisor of 165 and 390.
15
Calculate the greatest common divisor of 4615 and 355.
355
What is the highest common divisor of 19 and 1007?
19
Calculate the highest common factor of 2674 and 4202.
382
What is the highest common divisor of 141 and 27?
3
What is the highest common divisor of 803 and 55?
11
What is the highest common factor of 423 and 47?
47
Calculate the highest common factor of 574 and 164.
82
What is the highest common divisor of 76 and 304?
76
What is the highest common factor of 495 and 270?
45
What is the highest common factor of 183 and 3?
3
What is the greatest common factor of 566 and 4?
2
Calculate